{"id":222,"date":"2017-04-08T10:47:47","date_gmt":"2017-04-08T10:47:47","guid":{"rendered":"http:\/\/bracfilmfestival.hr\/?page_id=222\/"},"modified":"2026-04-09T22:38:27","modified_gmt":"2026-04-09T22:38:27","slug":"about-festival","status":"publish","type":"page","link":"https:\/\/bracfilmfestival.hr\/en\/about-festival\/","title":{"rendered":"About festival"},"content":{"rendered":"<div id=\"pl-222\"  class=\"panel-layout\" ><div id=\"pg-222-0\"  class=\"panel-grid panel-has-style\" ><div class=\"row-style-one row-box-shadow panel-row-style panel-row-style-for-222-0\" ><div id=\"pgc-222-0-0\"  class=\"panel-grid-cell\" ><div id=\"panel-222-0-0-0\" class=\"so-panel widget widget_siteorigin-panels-builder panel-first-child panel-last-child\" data-index=\"0\" ><div id=\"pl-w5e1de23921718\"  class=\"panel-layout\" ><div id=\"pg-w5e1de23921718-0\"  class=\"panel-grid panel-has-style\" ><div class=\"container panel-row-style panel-row-style-for-w5e1de23921718-0\" ><div id=\"pgc-w5e1de23921718-0-0\"  class=\"panel-grid-cell\" ><div id=\"panel-w5e1de23921718-0-0-0\" class=\"so-panel widget widget_text panel-first-child\" data-index=\"0\" >\t\t\t<div class=\"textwidget\"><h1>About festival<\/h1><\/div>\n\t\t<\/div><div id=\"panel-w5e1de23921718-0-0-1\" class=\"so-panel widget widget_siteorigin-panels-builder\" data-index=\"1\" ><div id=\"pl-w5e1de2392172d\"  class=\"panel-layout\" ><div id=\"pg-w5e1de2392172d-0\"  class=\"panel-grid panel-no-style\" ><div id=\"pgc-w5e1de2392172d-0-0\"  class=\"panel-grid-cell\" ><div id=\"panel-w5e1de2392172d-0-0-0\" class=\"so-panel widget widget_text panel-first-child panel-last-child\" data-index=\"0\" ><div class=\"panel-widget-style panel-widget-style-for-w5e1de2392172d-0-0-0\" >\t\t\t<div class=\"textwidget\"><p>Bra\u010d Film Festival is an international feature film festival for emerging filmmakers from Europe and the Mediterranean. Key goals of the Festival are: promotion of the first time feature film directors, presentation of short student films, development of film literacy amongst children and youth and connecting young film professionals with experienced ones.<br \/>\n&nbsp;<br \/>\nBra\u010d is a young and dynamic festival afloat in the Mediterranean, the historical center of the world, where the crossing of cultures, languages and people has resulted in a creative melting pot of art. Bra\u010d remains at the center of this, continuing to build bridges between cultures, generations and places. A crossroads in itself, this is an audience-based, young people-friendly and quality-focused film festival of the future, interested in fostering the creative growth of developing artists.<br \/>\n&nbsp;<br \/>\nSince its foundation in 2015 Bra\u010d was recognised as a meeting point for young filmmakers from whole region. We are extremely thankful for the experienced professionals within industry who came to support festival and connected with emerging filmmakers such as Oscar-winner Christopher Hampton (Dangerous Liaisons, Atonement), Croatian film directors Vinko Bre\u0161an, Pavo Marinkovi\u0107, Nevio Marasovi\u0107, actors Goran Bogdan, Nives Ivankovi\u0107, Mom\u010dilo Ota\u0161evi\u0107, Jelena Peri\u010din, Slavko Sobin, Tihana Lazovi\u0107, Stjepan Peri\u0107, Marko Petri\u0107, Jelena Jovanova, Jovana Stojiljkovi\u0107 and many others.<\/p>\n<\/div>\n\t\t<\/div><\/div><\/div><div id=\"pgc-w5e1de2392172d-0-1\"  class=\"panel-grid-cell\" ><div id=\"panel-w5e1de2392172d-0-1-0\" class=\"so-panel widget widget_text panel-first-child panel-last-child\" data-index=\"1\" >\t\t\t<div class=\"textwidget\"><div class=\"row imageGalleryOfestivalu\">\n  <div class=\"col s4\" style=\"margin-bottom: 10px\" style=\"margin-bottom: 10px\"><a href=\"https:\/\/bracfilmfestival.hr\/wp-content\/uploads\/2020\/01\/5BFF_1.jpg\"><img src=\"https:\/\/bracfilmfestival.hr\/wp-content\/uploads\/2020\/01\/5BFF_1.jpg\"><\/a><\/div>\n  <div class=\"col s4\" style=\"margin-bottom: 10px\"><a href=\"https:\/\/bracfilmfestival.hr\/wp-content\/uploads\/2020\/01\/5BFF_publika_pod.jpg\"><img src=\"https:\/\/bracfilmfestival.hr\/wp-content\/uploads\/2020\/01\/5BFF_publika_pod.jpg\"><\/a><\/div>\n  <div class=\"col s4\" style=\"margin-bottom: 10px\"><a href=\"http:\/\/bracfilmfestival.hr\/wp-content\/uploads\/2019\/03\/4BFF_Main-Screenings_2.jpg\"><img src=\"http:\/\/bracfilmfestival.hr\/wp-content\/uploads\/2019\/03\/4BFF_Main-Screenings_2.jpg\"><\/a><\/div>\n  <div class=\"col s4\" style=\"margin-bottom: 10px\"><a href=\"http:\/\/bracfilmfestival.hr\/wp-content\/uploads\/2017\/06\/BFF_Waterman_3.jpg\"><img src=\"http:\/\/bracfilmfestival.hr\/wp-content\/uploads\/2017\/06\/BFF_Waterman_3.jpg\"><\/a><\/div>\n  <div class=\"col s4\" style=\"margin-bottom: 10px\"><a href=\"https:\/\/bracfilmfestival.hr\/wp-content\/uploads\/2018\/02\/3BFF_Short_films.jpg\"><img src=\"https:\/\/bracfilmfestival.hr\/wp-content\/uploads\/2018\/02\/3BFF_Short_films.jpg\"><\/a><\/div>\n  <div class=\"col s4\" style=\"margin-bottom: 10px\"><a href=\"https:\/\/bracfilmfestival.hr\/wp-content\/uploads\/2018\/02\/3BFF_Children_screenings3.jpg\"><img src=\"https:\/\/bracfilmfestival.hr\/wp-content\/uploads\/2018\/02\/3BFF_Children_screenings3.jpg\"><\/a><\/div>\n  <div class=\"col s4\" style=\"margin-bottom: 10px\"><a href=\"https:\/\/bracfilmfestival.hr\/wp-content\/uploads\/2018\/02\/20728340_1976987345914741_3927269527542402201_n.jpg\"><img src=\"https:\/\/bracfilmfestival.hr\/wp-content\/uploads\/2018\/02\/20728340_1976987345914741_3927269527542402201_n.jpg\"><\/a><\/div>\n  <div class=\"col s4\" style=\"margin-bottom: 10px\"><a href=\"https:\/\/bracfilmfestival.hr\/wp-content\/uploads\/2018\/02\/3BFF_Children_screenings4.jpg\"><img src=\"https:\/\/bracfilmfestival.hr\/wp-content\/uploads\/2018\/02\/3BFF_Children_screenings4.jpg\"><\/a><\/div>\n  <div class=\"col s4\" style=\"margin-bottom: 10px\"><a href=\"https:\/\/bracfilmfestival.hr\/wp-content\/uploads\/2020\/01\/3BFF.jpg\"><img src=\"https:\/\/bracfilmfestival.hr\/wp-content\/uploads\/2020\/01\/3BFF.jpg\"><\/a><\/div>\n<\/div><br><br><\/div>\n\t\t<\/div><\/div><\/div><\/div><\/div><div id=\"panel-w5e1de23921718-0-0-2\" class=\"so-panel widget widget_text panel-last-child\" data-index=\"2\" >\t\t\t<div class=\"textwidget\"><!-- Widget Shortcode --><div id=\"text-5\" class=\"widget widget_text widget-shortcode area-arbitrary \">\t\t\t<div class=\"textwidget\"><div class=\"social-media-icons\">\r\n<a href=\"https:\/\/www.facebook.com\/bracfilmfestival\/\" target=\"_blank\" rel=\"noopener\"><img src=\"\/wp-content\/uploads\/2017\/02\/facebook_120x120.png\" alt=\"Facebook page\"><\/a>\r\n<a href=\"https:\/\/www.instagram.com\/bracfilmfestival\/\" target=\"_blank\" rel=\"noopener\"><img src=\"\/wp-content\/uploads\/2017\/02\/instagram_120x120.png\" alt=\"Instagram page\"><\/a>\r\n<!--<a href=\"#\"><img src=\"\/wp-content\/uploads\/2017\/02\/twitter_120x120.png\" alt=\"\"><\/a>-->\r\n<\/div><\/div>\n\t\t<\/div><!-- \/Widget Shortcode --><\/div>\n\t\t<\/div><\/div><\/div><\/div><\/div><\/div><\/div><\/div><\/div><div id=\"pg-222-1\"  class=\"panel-grid panel-has-style\" ><div class=\"row-style-two row-box-shadow panel-row-style panel-row-style-for-222-1\" ><div id=\"pgc-222-1-0\"  class=\"panel-grid-cell\" ><div id=\"panel-222-1-0-0\" class=\"so-panel widget widget_siteorigin-panels-builder panel-first-child panel-last-child\" data-index=\"1\" ><div id=\"pl-w69d82a63cc908\"  class=\"panel-layout\" ><div id=\"pg-w69d82a63cc908-0\"  class=\"panel-grid panel-has-style\" ><div class=\"container panel-row-style panel-row-style-for-w69d82a63cc908-0\" ><div id=\"pgc-w69d82a63cc908-0-0\"  class=\"panel-grid-cell\" ><div id=\"panel-w69d82a63cc908-0-0-0\" class=\"so-panel widget widget_text panel-first-child\" data-index=\"0\" >\t\t\t<div class=\"textwidget\"><h2>Our team<\/h2><\/div>\n\t\t<\/div><div id=\"panel-w69d82a63cc908-0-0-1\" class=\"so-panel widget widget_siteorigin-panels-builder panel-last-child\" data-index=\"1\" ><div id=\"pl-w69d82a63cc91b\"  class=\"panel-layout\" ><div id=\"pg-w69d82a63cc91b-0\"  class=\"panel-grid panel-no-style\" ><div id=\"pgc-w69d82a63cc91b-0-0\"  class=\"panel-grid-cell\" ><div id=\"panel-w69d82a63cc91b-0-0-0\" class=\"so-panel widget widget_text panel-first-child panel-last-child\" data-index=\"0\" >\t\t\t<div class=\"textwidget\"><span class=\"text-sub\">Festival director<\/span><br>\n<span class=\"text-highlight-two\">Bruno Musti\u0107<\/span><br><br>\n<span class=\"text-sub\">Producers<\/span><br>\n<span class=\"text-highlight-two\">Ana Sikavica<\/span><br>\n<span class=\"text-highlight-two\">Ivana Pani\u0107<\/span><br><br>\n<span class=\"text-sub\">Social media<\/span><br>\n<span class=\"text-highlight-two\">Iva Marciu\u0161<\/span><br><br>\n<span class=\"text-sub\">Volunteers coordinator<\/span><br>\n<span class=\"text-highlight-two\">Hana Hribar<\/span><br><br>\n<span class=\"text-sub\">Locations coordinator<\/span><br>\n<span class=\"text-highlight-two\">Filip Pjerobon<\/span><br><br>\n<span class=\"text-sub\">Sales coordinator<\/span><br>\n<span class=\"text-highlight-two\">Matija To\u0161ovi\u0107<\/span><br><br>\n<span class=\"text-sub\">Hosts<\/span><br>\n<span class=\"text-highlight-two\">Latica Marevi\u0107<\/span><br>\n<span class=\"text-highlight-two\">Kim Kon\u010dar<\/span><br><br>\n<span class=\"text-sub\">Technicality coordinator<\/span><br>\n<span class=\"text-highlight-two\">Igor Lu\u0161i\u0107<\/span><br>\n<span class=\"text-highlight-two\">Hiperprodukcija d.o.o.<\/span><br><br>\n<\/div>\n\t\t<\/div><\/div><div id=\"pgc-w69d82a63cc91b-0-1\"  class=\"panel-grid-cell\" ><div id=\"panel-w69d82a63cc91b-0-1-0\" class=\"so-panel widget widget_text panel-first-child panel-last-child\" data-index=\"1\" >\t\t\t<div class=\"textwidget\"><span class=\"text-sub\">Hospitality<\/span><br>\n<span class=\"text-highlight-two\">Iva Sikavica<\/span><br><br>\n<span class=\"text-sub\">Photography<\/span><br>\n<span class=\"text-highlight-two\">Krsto Vulovi\u0107<\/span><br><br>\n<span class=\"text-sub\">Video<\/span><br>\n<span class=\"text-highlight-two\">Petar Klinac<\/span><br>\n<span class=\"text-highlight-two\">Mate Pu\u0161i\u0107<\/span><br>\n<span class=\"text-highlight-two\">Filip \u0160timac<\/span><br><br>\n<span class=\"text-sub\">Visual identity<\/span><br>\n<span class=\"text-highlight-two\">Vojislav Lepojevi\u0107<\/span><br><br>\n<span class=\"text-sub\">Web<\/span><br>\n<span class=\"text-highlight-two\">Nikola \u0160karica<\/span><br><br>\n<\/div>\n\t\t<\/div><\/div><\/div><\/div><\/div><\/div><\/div><\/div><\/div><\/div><\/div><\/div><\/div><\/div>","protected":false},"excerpt":{"rendered":"<p>About festival Bra\u010d Film Festival is an international feature film festival for emerging filmmakers from Europe and the Mediterranean. Key goals of the Festival are: promotion of the first time feature film directors, presentation of short student films, development of film literacy amongst children and youth and connecting young film professionals with experienced ones. &nbsp; [&hellip;]<\/p>\n","protected":false},"author":1,"featured_media":0,"parent":0,"menu_order":0,"comment_status":"closed","ping_status":"closed","template":"","meta":[],"_links":{"self":[{"href":"https:\/\/bracfilmfestival.hr\/en\/wp-json\/wp\/v2\/pages\/222"}],"collection":[{"href":"https:\/\/bracfilmfestival.hr\/en\/wp-json\/wp\/v2\/pages"}],"about":[{"href":"https:\/\/bracfilmfestival.hr\/en\/wp-json\/wp\/v2\/types\/page"}],"author":[{"embeddable":true,"href":"https:\/\/bracfilmfestival.hr\/en\/wp-json\/wp\/v2\/users\/1"}],"replies":[{"embeddable":true,"href":"https:\/\/bracfilmfestival.hr\/en\/wp-json\/wp\/v2\/comments?post=222"}],"version-history":[{"count":7,"href":"https:\/\/bracfilmfestival.hr\/en\/wp-json\/wp\/v2\/pages\/222\/revisions"}],"predecessor-version":[{"id":5207,"href":"https:\/\/bracfilmfestival.hr\/en\/wp-json\/wp\/v2\/pages\/222\/revisions\/5207"}],"wp:attachment":[{"href":"https:\/\/bracfilmfestival.hr\/en\/wp-json\/wp\/v2\/media?parent=222"}],"curies":[{"name":"wp","href":"https:\/\/api.w.org\/{rel}","templated":true}]}}

<div id="pl-222"  class="panel-layout" ><div id="pg-222-0"  class="panel-grid panel-has-style" ><div class="row-style-one row-box-shadow panel-row-style panel-row-style-for-222-0" ><div id="pgc-222-0-0"  class="panel-grid-cell" ><div id="panel-222-0-0-0" class="so-panel widget widget_siteorigin-panels-builder panel-first-child panel-last-child" data-index="0" ><div id="pl-w5e1de23921718"  class="panel-layout" ><div id="pg-w5e1de23921718-0"  class="panel-grid panel-has-style" ><div class="container panel-row-style panel-row-style-for-w5e1de23921718-0" ><div id="pgc-w5e1de23921718-0-0"  class="panel-grid-cell" ><div id="panel-w5e1de23921718-0-0-0" class="so-panel widget widget_text panel-first-child" data-index="0" >			<div class="textwidget"><h1>About festival</h1></div>
		</div><div id="panel-w5e1de23921718-0-0-1" class="so-panel widget widget_siteorigin-panels-builder" data-index="1" ><div id="pl-w5e1de2392172d"  class="panel-layout" ><div id="pg-w5e1de2392172d-0"  class="panel-grid panel-no-style" ><div id="pgc-w5e1de2392172d-0-0"  class="panel-grid-cell" ><div id="panel-w5e1de2392172d-0-0-0" class="so-panel widget widget_text panel-first-child panel-last-child" data-index="0" ><div class="panel-widget-style panel-widget-style-for-w5e1de2392172d-0-0-0" >			<div class="textwidget"><p>Brač Film Festival is an international feature film festival for emerging filmmakers from Europe and the Mediterranean. Key goals of the Festival are: promotion of the first time feature film directors, presentation of short student films, development of film literacy amongst children and youth and connecting young film professionals with experienced ones.<br />
&nbsp;<br />
Brač is a young and dynamic festival afloat in the Mediterranean, the historical center of the world, where the crossing of cultures, languages and people has resulted in a creative melting pot of art. Brač remains at the center of this, continuing to build bridges between cultures, generations and places. A crossroads in itself, this is an audience-based, young people-friendly and quality-focused film festival of the future, interested in fostering the creative growth of developing artists.<br />
&nbsp;<br />
Since its foundation in 2015 Brač was recognised as a meeting point for young filmmakers from whole region. We are extremely thankful for the experienced professionals within industry who came to support festival and connected with emerging filmmakers such as Oscar-winner Christopher Hampton (Dangerous Liaisons, Atonement), Croatian film directors Vinko Brešan, Pavo Marinković, Nevio Marasović, actors Goran Bogdan, Nives Ivanković, Momčilo Otašević, Jelena Peričin, Slavko Sobin, Tihana Lazović, Stjepan Perić, Marko Petrić, Jelena Jovanova, Jovana Stojiljković and many others.</p>
</div>
		</div></div></div><div id="pgc-w5e1de2392172d-0-1"  class="panel-grid-cell" ><div id="panel-w5e1de2392172d-0-1-0" class="so-panel widget widget_text panel-first-child panel-last-child" data-index="1" >			<div class="textwidget"><div class="row imageGalleryOfestivalu">
  <div class="col s4" style="margin-bottom: 10px" style="margin-bottom: 10px"><a href="https://bracfilmfestival.hr/wp-content/uploads/2020/01/5BFF_1.jpg"><img src="https://bracfilmfestival.hr/wp-content/uploads/2020/01/5BFF_1.jpg"></a></div>
  <div class="col s4" style="margin-bottom: 10px"><a href="https://bracfilmfestival.hr/wp-content/uploads/2020/01/5BFF_publika_pod.jpg"><img src="https://bracfilmfestival.hr/wp-content/uploads/2020/01/5BFF_publika_pod.jpg"></a></div>
  <div class="col s4" style="margin-bottom: 10px"><a href="http://bracfilmfestival.hr/wp-content/uploads/2019/03/4BFF_Main-Screenings_2.jpg"><img src="http://bracfilmfestival.hr/wp-content/uploads/2019/03/4BFF_Main-Screenings_2.jpg"></a></div>
  <div class="col s4" style="margin-bottom: 10px"><a href="http://bracfilmfestival.hr/wp-content/uploads/2017/06/BFF_Waterman_3.jpg"><img src="http://bracfilmfestival.hr/wp-content/uploads/2017/06/BFF_Waterman_3.jpg"></a></div>
  <div class="col s4" style="margin-bottom: 10px"><a href="https://bracfilmfestival.hr/wp-content/uploads/2018/02/3BFF_Short_films.jpg"><img src="https://bracfilmfestival.hr/wp-content/uploads/2018/02/3BFF_Short_films.jpg"></a></div>
  <div class="col s4" style="margin-bottom: 10px"><a href="https://bracfilmfestival.hr/wp-content/uploads/2018/02/3BFF_Children_screenings3.jpg"><img src="https://bracfilmfestival.hr/wp-content/uploads/2018/02/3BFF_Children_screenings3.jpg"></a></div>
  <div class="col s4" style="margin-bottom: 10px"><a href="https://bracfilmfestival.hr/wp-content/uploads/2018/02/20728340_1976987345914741_3927269527542402201_n.jpg"><img src="https://bracfilmfestival.hr/wp-content/uploads/2018/02/20728340_1976987345914741_3927269527542402201_n.jpg"></a></div>
  <div class="col s4" style="margin-bottom: 10px"><a href="https://bracfilmfestival.hr/wp-content/uploads/2018/02/3BFF_Children_screenings4.jpg"><img src="https://bracfilmfestival.hr/wp-content/uploads/2018/02/3BFF_Children_screenings4.jpg"></a></div>
  <div class="col s4" style="margin-bottom: 10px"><a href="https://bracfilmfestival.hr/wp-content/uploads/2020/01/3BFF.jpg"><img src="https://bracfilmfestival.hr/wp-content/uploads/2020/01/3BFF.jpg"></a></div>
</div><br><br></div>
		</div></div></div></div></div><div id="panel-w5e1de23921718-0-0-2" class="so-panel widget widget_text panel-last-child" data-index="2" >			<div class="textwidget"><!-- Widget Shortcode --><div id="text-5" class="widget widget_text widget-shortcode area-arbitrary ">			<div class="textwidget"><div class="social-media-icons">
<a href="https://www.facebook.com/bracfilmfestival/" target="_blank" rel="noopener"><img src="/wp-content/uploads/2017/02/facebook_120x120.png" alt="Facebook page"></a>
<a href="https://www.instagram.com/bracfilmfestival/" target="_blank" rel="noopener"><img src="/wp-content/uploads/2017/02/instagram_120x120.png" alt="Instagram page"></a>
<!--<a href="#"><img src="/wp-content/uploads/2017/02/twitter_120x120.png" alt=""></a>-->
</div></div>
		</div><!-- /Widget Shortcode --></div>
		</div></div></div></div></div></div></div></div></div><div id="pg-222-1"  class="panel-grid panel-has-style" ><div class="row-style-two row-box-shadow panel-row-style panel-row-style-for-222-1" ><div id="pgc-222-1-0"  class="panel-grid-cell" ><div id="panel-222-1-0-0" class="so-panel widget widget_siteorigin-panels-builder panel-first-child panel-last-child" data-index="1" ><div id="pl-w69d82a63cc908"  class="panel-layout" ><div id="pg-w69d82a63cc908-0"  class="panel-grid panel-has-style" ><div class="container panel-row-style panel-row-style-for-w69d82a63cc908-0" ><div id="pgc-w69d82a63cc908-0-0"  class="panel-grid-cell" ><div id="panel-w69d82a63cc908-0-0-0" class="so-panel widget widget_text panel-first-child" data-index="0" >			<div class="textwidget"><h2>Our team</h2></div>
		</div><div id="panel-w69d82a63cc908-0-0-1" class="so-panel widget widget_siteorigin-panels-builder panel-last-child" data-index="1" ><div id="pl-w69d82a63cc91b"  class="panel-layout" ><div id="pg-w69d82a63cc91b-0"  class="panel-grid panel-no-style" ><div id="pgc-w69d82a63cc91b-0-0"  class="panel-grid-cell" ><div id="panel-w69d82a63cc91b-0-0-0" class="so-panel widget widget_text panel-first-child panel-last-child" data-index="0" >			<div class="textwidget"><span class="text-sub">Festival director</span><br>
<span class="text-highlight-two">Bruno Mustić</span><br><br>
<span class="text-sub">Producers</span><br>
<span class="text-highlight-two">Ana Sikavica</span><br>
<span class="text-highlight-two">Ivana Panić</span><br><br>
<span class="text-sub">Social media</span><br>
<span class="text-highlight-two">Iva Marciuš</span><br><br>
<span class="text-sub">Volunteers coordinator</span><br>
<span class="text-highlight-two">Hana Hribar</span><br><br>
<span class="text-sub">Locations coordinator</span><br>
<span class="text-highlight-two">Filip Pjerobon</span><br><br>
<span class="text-sub">Sales coordinator</span><br>
<span class="text-highlight-two">Matija Tošović</span><br><br>
<span class="text-sub">Hosts</span><br>
<span class="text-highlight-two">Latica Marević</span><br>
<span class="text-highlight-two">Kim Končar</span><br><br>
<span class="text-sub">Technicality coordinator</span><br>
<span class="text-highlight-two">Igor Lušić</span><br>
<span class="text-highlight-two">Hiperprodukcija d.o.o.</span><br><br>
</div>
		</div></div><div id="pgc-w69d82a63cc91b-0-1"  class="panel-grid-cell" ><div id="panel-w69d82a63cc91b-0-1-0" class="so-panel widget widget_text panel-first-child panel-last-child" data-index="1" >			<div class="textwidget"><span class="text-sub">Hospitality</span><br>
<span class="text-highlight-two">Iva Sikavica</span><br><br>
<span class="text-sub">Photography</span><br>
<span class="text-highlight-two">Krsto Vulović</span><br><br>
<span class="text-sub">Video</span><br>
<span class="text-highlight-two">Petar Klinac</span><br>
<span class="text-highlight-two">Mate Pušić</span><br>
<span class="text-highlight-two">Filip Štimac</span><br><br>
<span class="text-sub">Visual identity</span><br>
<span class="text-highlight-two">Vojislav Lepojević</span><br><br>
<span class="text-sub">Web</span><br>
<span class="text-highlight-two">Nikola Škarica</span><br><br>
</div>
		</div></div></div></div></div></div></div></div></div></div></div></div></div></div>

<p>About festival Brač Film Festival is an international feature film festival for emerging filmmakers from Europe and the Mediterranean. Key goals of the Festival are: promotion of the first time feature film directors, presentation of short student films, development of film literacy amongst children and youth and connecting young film professionals with experienced ones. &nbsp; [&hellip;]</p>
